ase 14
-3
What is -16 (base 11) in base 5?
-32
-3 (base 15) to base 7
-3
Convert -9 (base 16) to base 8.
-11
-100 (base 5) to base 11
-23
Convert 66 (base 15) to base 12.
80
What is 29 (base 15) in base 10?
39
What is -335 (base 6) in base 11?
-10a
b (base 14) to base 9
12
1b (base 13) to base 7
33
What is 7 (base 9) in base 11?
7
What is -4 (base 5) in base 7?
-4
-7 (base 12) to base 2
-111
341 (base 10) to base 9
418
Convert 8 (base 11) to base 15.
8
Convert 53 (base 12) to base 2.
111111
What is 22 (base 4) in base 6?
14
What is -26 (base 9) in base 10?
-24
Convert b (base 13) to base 9.
12
What is 74 (base 12) in base 13?
6a
3 (base 14) to base 16
3
Convert -124 (base 5) to base 9.
-43
-3 (base 12) to base 8
-3
-4 (base 12) to base 2
-100
Convert 2 (base 4) to base 15.
2
10 (base 2) to base 12
2
20 (base 6) to base 5
22
31 (base 12) to base 3
1101
Convert 6b (base 13) to base 12.
75
Convert 110 (base 2) to base 14.
6
Convert 30 (base 4) to base 15.
c
-2 (base 9) to base 13
-2
262 (base 11) to base 10
310
What is 3 (base 14) in base 7?
3
3 (base 13) to base 10
3
What is 144 (base 10) in base 7?
264
3 (base 13) to base 5
3
What is -53 (base 9) in base 7?
-66
254 (base 6) to base 5
411
What is -92 (base 13) in base 7?
-230
-11 (base 4) to base 9
-5
-100000 (base 2) to base 8
-40
What is 24 (base 7) in base 16?
12
What is 301 (base 6) in base 2?
1101101
What is d1 (base 14) in base 12?
133
Convert 5 (base 6) to base 11.
5
Convert 11 (base 7) to base 13.
8
Convert -9 (base 16) to base 7.
-12
-2 (base 8) to base 7
-2
30 (base 7) to base 15
16
Convert -3 (base 10) to base 12.
-3
What is -32 (base 10) in base 7?
-44
Convert 23 (base 15) to base 8.
41
Convert -1 (base 6) to base 13.
-1
-22 (base 12) to base 4
-122
What is -3 (base 5) in base 2?
-11
-4 (base 9) to base 2
-100
Convert 112 (base 4) to base 15.
17
Convert -1 (base 14) to base 3.
-1
What is -2 (base 14) in base 16?
-2
What is 180 (base 14) in base 6?
1232
What is 16 (base 15) in base 9?
23
Convert 9 (base 11) to base 10.
9
Convert 3 (base 6) to base 3.
10
What is 0 (base 10) in base 14?
0
Convert -3 (base 7) to base 3.
-10
8 (base 14) to base 10
8
Convert 1000 (base 2) to base 5.
13
What is -16e (base 15) in base 12?
-235
Convert -3b (base 13) to base 3.
-1212
Convert 35 (base 11) to base 14.
2a
Convert 19 (base 14) to base 5.
43
Convert -10100 (base 2) to base 7.
-26
Convert -11 (base 4) to base 10.
-5
-2 (base 7) to base 9
-2
What is 8 (base 13) in base 10?
8
Convert a (base 15) to base 14.
a
Convert 6 (base 8) to base 14.
6
What is -28 (base 9) in base 10?
-26
-129 (base 11) to base 13
-b9
232 (base 4) to base 9
51
-6a (base 16) to base 2
-1101010
Convert -2 (base 11) to base 3.
-2
What is 3 (base 6) in base 3?
10
2 (base 14) to base 10
2
55 (base 12) to base 6
145
What is -170 (base 10) in base 6?
-442
Convert -1010 (base 2) to base 4.
-22
Convert 1 (base 16) to base 5.
1
Convert -211 (base 10) to base 12.
-157
Convert 0 (base 15) to base 3.
0
-43 (base 7) to base 13
-25
What is -45 (base 9) in base 6?
-105
What is 2 (base 12) in base 3?
2
Convert -73 (base 16) to base 14.
-83
1301 (base 5) to base 4
3021
10112 (base 4) to base 8
426
Convert 42 (base 5) to base 10.
22
1100100 (base 2) to base 14
72
What is -122 (base 14) in base 3?
-22101
-24 (base 6) to base 15
-11
What is 1 (base 15) in base 9?
1
1110 (base 2) to base 8
16
Convert 14b (base 12) to base 8.
313
-5 (base 10) to base 9
-5
What is -11 (base 4) in base 13?
-5
Convert 22 (base 13) to base 5.
103
What is 0 (base 12) in base 2?
0
Convert -22 (base 5) to base 12.
-10
What is 19 (base 14) in base 8?
27
Convert -9 (base 15) to base 8.
-11
What is -541 (base 7) in base 10?
-274
What is 1 (base 15) in base 12?
1
What is 4 (base 14) in base 2?
100
What is 0 (base 11) in base 12?
0
-101 (base 2) to base 5
-10
What is -1222 (base 3) in base 7?
-104
What is -1 (base 7) in base 10?
-1
3 (base 14) to base 2
11
What is 3 (base 16) in base 7?
3
What is 44 (base 9) in base 13?
31
220 (base 4) to base 11
37
What is -231 (base 6) in base 11?
-83
Convert -9 (base 15) to base 7.
-12
What is -14 (base 5) in base 16?
-9
Convert -a0 (base 11) to base 2.
-1101110
-341 (base 10) to base 14
-1a5
-12 (base 10) to base 13
-c
Convert -1234 (base 5) to base 16.
-c2
Convert -1a7 (base 13) to base 14.
-17c
-223 (base 7) to base 11
-a5
What is 31 (base 10) in base 11?
29
210 (base 4) to base 8
44
Convert -57 (base 9) to base 16.
-34
4 (base 8) to base 14
4
1000110 (base 2) to base 14
50
34 (base 5) to base 12
17
-105 (base 11) to base 2
-1111110
What is 26 (base 9) in base 12?
20
Convert -101 (base 2) to base 10.
-5
What is 2 (base 11) in base 8?
2
56 (base 7) to base 9
45
What is 342 (base 6) in base 13?
a4
Convert -41 (base 13) to base 5.
-203
Convert 1 (base 14) to base 5.
1
14 (base 14) to base 12
16
-cc (base 13) to base 11
-143
13 (base 5) to base 15
8
What is -200 (base 9) in base 10?
-162
What is -1 (base 11) in base 13?
-1
Convert 0 (base 2) to base 4.
0
Convert 101 (base 4) to base 13.
14
Convert 1 (base 10) to base 14.
1
Convert -d2 (base 15) to base 9.
-238
What is 2 (base 14) in base 2?
10
Convert b (base 14) to base 3.
102
What is -1 (base 10) in base 9?
-1
Convert -4 (base 11) to base 15.
-4
Convert -b (base 13) to base 11.
-10
8a (base 11) to base 15
68
What is 18 (base 16) in base 8?
30
Convert -255 (base 7) to base 11.
-116
Convert 142 (base 8) to base 4.
1202
Convert -1101 (base 2) to base 5.
-23
What is -1e (base 15) in base 3?
-1002
Convert -123 (base 15) to base 14.
-146
4 (base 12) to base 3
11
Convert 19 (base 11) to base 12.
18
-1134 (base 5) to base 8
-251
What is 312 (base 5) in base 11?
75
What is -2d (base 16) in base 13?
-36
Convert 3 (base 5) to base 8.
3
Convert 2 (base 8) to base 7.
2
What is 2 (base 3) in base 9?
2
4 (base 12) to base 16
4
What is 13 (base 11) in base 9?
15
What is -b (base 13) in base 15?
-b
Convert 53 (base 12) to base 3.
2100
Convert 504 (base 8) to base 16.
144
-21 (base 9) to base 11
-18
-2 (base 10) to base 2
-10
Convert -6 (base 7) to base 5.
-11
What is 10 (base 12) in base 5?
22
Convert 3 (base 16) to base 8.
3
3 (base 14) to base 12
3
-1110 (base 2) to base 5
-24
Convert ab (base 14) to base 11.
128
Convert 7 (base 11) to base 6.
11
Convert 90 (base 13) to base 2.
1110101
2 (base 16) to base 5
2
54 (base 6) to base 7
46
100 (base 3) to base 4
21
10100 (base 3) to base 13
6c
Convert 4 (base 16) to base 6.
4
What is 8 (base 14) in base 4?
20
Convert 1 (base 3) to base 16.
1
What is 116 (base 7) in base 11?
57
Convert -100120 (base 3) to base 6.
-1110
12 (base 13) to base 14
11
1011 (base 3) to base 12
27
a (base 13) to base 2
1010
Convert 82 (base 14) to base 6.
310
Convert 41 (base 12) to base 10.
49
b (base 13) to base 5
21
What is -1 (base 13) in base 7?
-1
Convert -85 (base 14) to base 5.
-432
-1 (base 8) to base 7
-1
What is -23a (base 12) in base 9?
-411
2 (base 7) to base 16
2
Convert -2002 (base 3) to base 13.
-44
What is -2 (base 6) in base 9?
-2
Convert -60 (base 14) to base 13.
-66
What is -5 (base 8) in base 4?
-11
100121 (base 3) to base 13
16c
Convert -176 (base 9) to base 16.
-96
Convert -21 (base 10) to base 5.
-41
What is -275 (base 12) in base 6?
-1425
What is 11010000 (base 2) in base 6?
544
-18 (base 16) to base 7
-33
-32 (base 4) to base 13
-11
62 (base 15) to base 5
332
Convert d8 (base 14) to base 9.
231
What is 34 (base 5) in base 12?
17
-3 (base 4) to base 12
-3
What is 3 (base 4) in base 16?
3
What is -124 (base 11) in base 16?
-93
What is 10 (base 13) in base 5?
23
-40 (base 6) to base 12
-20
-6 (base 12) to base 13
-6
Convert 0 (base 8) to base 4.
0
What is d (base 14) in base 16?
d
-1013 (base 4) to base 7
-131
Convert 3 (base 13) to base 11.
3
18 (base 12) to base 2
10100
Convert -10 (base 11) to base 15.
-b
Convert 2 (base 16) to base 14.
2
Convert b6 (base 12) to base 4.
2022
200 (base 4) to base 7
44
5 (base 12) to base 15
5
What is 18 (base 14) in base 4?
112
-16 (base 7) to base 2
-1101
What is -2 (base 5) in base 4?
-2
Convert -6 (base 10) to base 8.
-6
a5 (base 12) to base 6
325
Convert 7 (base 8) to base 12.
7
20 (base 9) to base 13
15
Convert 1 (base 16) to base 6.
1
-1 (base 13) to base 6
-1
Convert 3 (base 8) to base 13.
3
Convert -4 (base 13) to bas